{"id":5333,"date":"2023-01-06T20:31:19","date_gmt":"2023-01-06T20:31:19","guid":{"rendered":"https:\/\/cabinetlead.com\/?page_id=5333"},"modified":"2023-01-12T09:42:52","modified_gmt":"2023-01-12T09:42:52","slug":"risk-advisory","status":"publish","type":"page","link":"https:\/\/www.cabinetlead.com\/index.php\/risk-advisory\/","title":{"rendered":"Risk Advisory"},"content":{"rendered":"\t\t<div data-elementor-type=\"wp-page\" data-elementor-id=\"5333\" class=\"elementor elementor-5333\">\n\t\t\t\t\t\t\t\t\t<section class=\"elementor-section elementor-top-section elementor-element elementor-element-82548fc elementor-section-content-middle elementor-section-boxed elementor-section-height-default elementor-section-height-default\" data-id=\"82548fc\" data-element_type=\"section\">\n\t\t\t\t\t\t<div class=\"elementor-container elementor-column-gap-default\">\n\t\t\t\t\t<div class=\"elementor-column elementor-col-50 elementor-top-column elementor-element elementor-element-1710441\" data-id=\"1710441\" data-element_type=\"column\">\n\t\t\t<div class=\"elementor-widget-wrap elementor-element-populated\">\n\t\t\t\t\t\t\t\t<div class=\"elementor-element elementor-element-ea7e1cf elementor-widget elementor-widget-react-heading\" data-id=\"ea7e1cf\" data-element_type=\"widget\" data-widget_type=\"react-heading.default\">\n\t\t\t\t<div class=\"elementor-widget-container\">\n\t\t\t        <div class=\"react-heading style9 \">\r\n        \t<div class=\"title-inner\">        \t\t      \t\t\r\n\t            <h2 class=\"title\"><span class=\"watermark\"><\/span>Risk Advisory<\/h2><div class=\"title-img bottom-img\"><img decoding=\"async\" src=\"https:\/\/reactheme.com\/products\/wordpress\/finanix\/wp-content\/uploads\/2022\/02\/line-1.svg\" alt=\"title-image\" \/><\/div>\t        <\/div>\r\n\t                <\/div>\r\n        \t\t<\/div>\n\t\t\t\t<\/div>\n\t\t\t\t<div class=\"elementor-element elementor-element-6153eb3 elementor-widget elementor-widget-rt-custom-accordions\" data-id=\"6153eb3\" data-element_type=\"widget\" data-widget_type=\"rt-custom-accordions.default\">\n\t\t\t\t<div class=\"elementor-widget-container\">\n\t\t\t        <div class=\"accordion style1\" id=\"accordionExample15509\">\n                                    \n            <div class=\"rt-cart\">\n              <div class=\"rt-card-header\">\n                <h2 class=\"mb-0\">\n                  <button class=\"btn btn-link btn-block cart-button-rt text-left \" aria-expanded=\"true\" aria-controls=\"collapse1\" type=\"button\" data-toggle=\"collapse\" data-target=\"#collapse1\">\n                                            <span> 01.<\/span>  Audit                  <\/button>\n                <\/h2>\n              <\/div>\n\n              <div id=\"collapse1\" class=\"collapse\"  data-parent=\"#accordionExample15509\">\n                <div class=\"card-body\">\n                -Audit\net contr\u00f4le interne\n-\nAudit\norganisationnel\n-\nPr\u00e9vention\net d\u00e9tection de la fraude\n-\nDue\ndiligence                <\/div>\n              <\/div>\n            <\/div>                 \n                                    \n            <div class=\"rt-cart\">\n              <div class=\"rt-card-header\">\n                <h2 class=\"mb-0\">\n                  <button class=\"btn btn-link btn-block cart-button-rt text-left collapsed\" aria-expanded=\"true\" aria-controls=\"collapse2\" type=\"button\" data-toggle=\"collapse\" data-target=\"#collapse2\">\n                                            <span> 02.<\/span>  Strat\u00e9gie                  <\/button>\n                <\/h2>\n              <\/div>\n\n              <div id=\"collapse2\" class=\"collapse\"  data-parent=\"#accordionExample15509\">\n                <div class=\"card-body\">\n                -\nElaboration\nde plan d\u2019affaires\n-\nStrat\u00e9gie\nde croissance\n-\nStrat\u00e9gie\nd\u2019entr\u00e9e sur le march\u00e9                <\/div>\n              <\/div>\n            <\/div>                 \n                                    \n            <div class=\"rt-cart\">\n              <div class=\"rt-card-header\">\n                <h2 class=\"mb-0\">\n                  <button class=\"btn btn-link btn-block cart-button-rt text-left collapsed\" aria-expanded=\"true\" aria-controls=\"collapse3\" type=\"button\" data-toggle=\"collapse\" data-target=\"#collapse3\">\n                                            <span> 03.<\/span>  Syst\u00e8me d\u2019information                  <\/button>\n                <\/h2>\n              <\/div>\n\n              <div id=\"collapse3\" class=\"collapse\"  data-parent=\"#accordionExample15509\">\n                <div class=\"card-body\">\n                -\nDiagnostic\nde l\u2019existant\n-\nS\u00e9curit\u00e9\nphysique et logique\n-\nAssistance\nlors de migrations informatiques\n(param\u00e9trage de sch\u00e9mas comptables, divers tests\nde fonctionnement)\n-\nAnalyse\nde contrats d\u2019externalisation\n-\nCybers\u00e9curit\u00e9                <\/div>\n              <\/div>\n            <\/div>                 \n                                    \n            <div class=\"rt-cart\">\n              <div class=\"rt-card-header\">\n                <h2 class=\"mb-0\">\n                  <button class=\"btn btn-link btn-block cart-button-rt text-left collapsed\" aria-expanded=\"true\" aria-controls=\"collapse4\" type=\"button\" data-toggle=\"collapse\" data-target=\"#collapse4\">\n                                            <span> 04.<\/span>  Conformit\u00e9                  <\/button>\n                <\/h2>\n              <\/div>\n\n              <div id=\"collapse4\" class=\"collapse\"  data-parent=\"#accordionExample15509\">\n                <div class=\"card-body\">\n                -\nAccompagnement\ndans la mise en \u0153uvre\nr\u00e9glementaire\n-\nLutte\ncontre le blanchiment de capitaux et le\nfinancement du terrorisme                <\/div>\n              <\/div>\n            <\/div>                 \n                                    \n            <div class=\"rt-cart\">\n              <div class=\"rt-card-header\">\n                <h2 class=\"mb-0\">\n                  <button class=\"btn btn-link btn-block cart-button-rt text-left collapsed\" aria-expanded=\"true\" aria-controls=\"collapse5\" type=\"button\" data-toggle=\"collapse\" data-target=\"#collapse5\">\n                                            <span> 05.<\/span>  Risques                  <\/button>\n                <\/h2>\n              <\/div>\n\n              <div id=\"collapse5\" class=\"collapse\"  data-parent=\"#accordionExample15509\">\n                <div class=\"card-body\">\n                -\nGestion\ndes risques (risque de cr\u00e9dit, risques\nop\u00e9rationnels, risque de march\u00e9 etc\n-\nMise\nen oeuvre B\u00e2le 2 3\n-\nElaboration\nde cartographie des risques\n-\nConception\nde plan de continuit\u00e9 d\u2019activit\u00e9s                <\/div>\n              <\/div>\n            <\/div>                 \n                                    \n            <div class=\"rt-cart\">\n              <div class=\"rt-card-header\">\n                <h2 class=\"mb-0\">\n                  <button class=\"btn btn-link btn-block cart-button-rt text-left collapsed\" aria-expanded=\"true\" aria-controls=\"collapse6\" type=\"button\" data-toggle=\"collapse\" data-target=\"#collapse6\">\n                                            <span> 06.<\/span>  Comptabilit\u00e9                  <\/button>\n                <\/h2>\n              <\/div>\n\n              <div id=\"collapse6\" class=\"collapse\"  data-parent=\"#accordionExample15509\">\n                <div class=\"card-body\">\n                -\nDiagnostic\nde l\u2019existant\n-\nS\u00e9curit\u00e9\nphysique et logique\n-\nAssistance\nlors de migrations informatiques\n(param\u00e9trage de sch\u00e9mas comptables, divers tests\nde fonctionnement)\n-\nAnalyse\nde contrats d\u2019externalisation\n-\nCybers\u00e9curit\u00e9                <\/div>\n              <\/div>\n            <\/div>                 \n                              \n                  \n            <\/div>\n            <script>\n            jQuery( function($) {            \t\n              \tjQuery(\"#collapse1\").addClass(\"show\");     \n              \t\n               \n            \t} );         \n            <\/script>\n        \t\t<\/div>\n\t\t\t\t<\/div>\n\t\t\t\t\t<\/div>\n\t\t<\/div>\n\t\t\t\t<div class=\"elementor-column elementor-col-50 elementor-top-column elementor-element elementor-element-61750dd\" data-id=\"61750dd\" data-element_type=\"column\">\n\t\t\t<div class=\"elementor-widget-wrap elementor-element-populated\">\n\t\t\t\t\t\t\t\t<div class=\"elementor-element elementor-element-346d4c6 elementor-widget elementor-widget-image\" data-id=\"346d4c6\" data-element_type=\"widget\" data-widget_type=\"image.default\">\n\t\t\t\t<div class=\"elementor-widget-container\">\n\t\t\t\t\t\t\t\t\t\t\t\t\t\t\t<img decoding=\"async\" width=\"510\" height=\"622\" src=\"https:\/\/www.cabinetlead.com\/wp-content\/uploads\/2023\/01\/81adf754b2.jpg\" class=\"attachment-large size-large wp-image-5445\" alt=\"\" loading=\"lazy\" srcset=\"https:\/\/www.cabinetlead.com\/wp-content\/uploads\/2023\/01\/81adf754b2.jpg 510w, https:\/\/www.cabinetlead.com\/wp-content\/uploads\/2023\/01\/81adf754b2-246x300.jpg 246w\" sizes=\"(max-width: 510px) 100vw, 510px\" \/>\t\t\t\t\t\t\t\t\t\t\t\t\t\t\t<\/div>\n\t\t\t\t<\/div>\n\t\t\t\t\t<\/div>\n\t\t<\/div>\n\t\t\t\t\t\t\t<\/div>\n\t\t<\/section>\n\t\t\t\t\t\t\t<\/div>\n\t\t","protected":false},"excerpt":{"rendered":"<p>Risk Advisory 01. Audit -Audit et contr\u00f4le interne &#8211; Audit organisationnel &#8211; Pr\u00e9vention et d\u00e9tection de la fraude &#8211; Due diligence 02. Strat\u00e9gie &#8211; Elaboration de plan d\u2019affaires &#8211; Strat\u00e9gie de croissance &#8211; Strat\u00e9gie d\u2019entr\u00e9e sur le march\u00e9 03. Syst\u00e8me d\u2019information &#8211; Diagnostic de l\u2019existant &#8211; S\u00e9curit\u00e9 physique et logique &#8211; Assistance lors de migrations&#8230;<\/p>\n","protected":false},"author":1,"featured_media":0,"parent":0,"menu_order":0,"comment_status":"closed","ping_status":"closed","template":"","meta":[],"_links":{"self":[{"href":"https:\/\/www.cabinetlead.com\/index.php\/wp-json\/wp\/v2\/pages\/5333"}],"collection":[{"href":"https:\/\/www.cabinetlead.com\/index.php\/wp-json\/wp\/v2\/pages"}],"about":[{"href":"https:\/\/www.cabinetlead.com\/index.php\/wp-json\/wp\/v2\/types\/page"}],"author":[{"embeddable":true,"href":"https:\/\/www.cabinetlead.com\/index.php\/wp-json\/wp\/v2\/users\/1"}],"replies":[{"embeddable":true,"href":"https:\/\/www.cabinetlead.com\/index.php\/wp-json\/wp\/v2\/comments?post=5333"}],"version-history":[{"count":4,"href":"https:\/\/www.cabinetlead.com\/index.php\/wp-json\/wp\/v2\/pages\/5333\/revisions"}],"predecessor-version":[{"id":5499,"href":"https:\/\/www.cabinetlead.com\/index.php\/wp-json\/wp\/v2\/pages\/5333\/revisions\/5499"}],"wp:attachment":[{"href":"https:\/\/www.cabinetlead.com\/index.php\/wp-json\/wp\/v2\/media?parent=5333"}],"curies":[{"name":"wp","href":"https:\/\/api.w.org\/{rel}","templated":true}]}}