{"id":4027,"date":"2022-03-25T17:07:51","date_gmt":"2022-03-25T17:07:51","guid":{"rendered":"https:\/\/reactheme.com\/products\/wordpress\/finanix\/?page_id=4027"},"modified":"2023-01-06T15:05:52","modified_gmt":"2023-01-06T15:05:52","slug":"portfolio-grid-style-2","status":"publish","type":"page","link":"https:\/\/www.cabinetlead.com\/index.php\/portfolio-grid-style-2\/","title":{"rendered":"Portfolio Grid Style 2"},"content":{"rendered":"\t\t<div data-elementor-type=\"wp-page\" data-elementor-id=\"4027\" class=\"elementor elementor-4027\">\n\t\t\t\t\t\t\t\t\t<section class=\"elementor-section elementor-top-section elementor-element elementor-element-8b3eea0 elementor-section-boxed elementor-section-height-default elementor-section-height-default\" data-id=\"8b3eea0\" data-element_type=\"section\">\n\t\t\t\t\t\t<div class=\"elementor-container elementor-column-gap-default\">\n\t\t\t\t\t<div class=\"elementor-column elementor-col-100 elementor-top-column elementor-element elementor-element-6dbc0c1\" data-id=\"6dbc0c1\" data-element_type=\"column\">\n\t\t\t<div class=\"elementor-widget-wrap elementor-element-populated\">\n\t\t\t\t\t\t\t\t<div class=\"elementor-element elementor-element-a259008 elementor-widget elementor-widget-rt-portfolio-grid\" data-id=\"a259008\" data-element_type=\"widget\" data-widget_type=\"rt-portfolio-grid.default\">\n\t\t\t\t<div class=\"elementor-widget-container\">\n\t\t\t\r\n\r\n\t\t<div class=\"rt-portfolio-style3\">\r\n\t\r\n\t\t\t<div class=\"grid\">\r\n\t\t\t\t<div class=\"row\">\r\n\t\t\t\t    \t\r\n\r\n\t<div class=\"col-lg-4 col-md-6 col-xs-1 grid-item filter_secteurs-dactivites \">\r\n\t\t<div class=\"portfolio-item content-overlay\">\r\n\t\t\t\t                    <div class=\"portfolio-img\">\r\n                    \t<a href=\"https:\/\/www.cabinetlead.com\/index.php\/rt-portfolios\/institutions-financieres\/\"><img width=\"402\" height=\"395\" src=\"https:\/\/www.cabinetlead.com\/wp-content\/uploads\/2023\/01\/Secteur113-402x395.jpg\" class=\"attachment-finanix-portfolio-slider-style2 size-finanix-portfolio-slider-style2 wp-post-image\" alt=\"\" decoding=\"async\" loading=\"lazy\" \/><\/a>\r\n                    \t<a class=\"pf-btn2\" href=\"https:\/\/www.cabinetlead.com\/index.php\/rt-portfolios\/institutions-financieres\/\">Case Studies<\/a>\r\n                    <\/div>\r\n                                <div class=\"portfolio-content\">\r\n                    <div class=\"vertical-middle\">\r\n                        <div class=\"vertical-middle-cell\">\r\n                        \t<p class=\"p-category\"> <a href=\"https:\/\/www.cabinetlead.com\/index.php\/rt-portfolio-category\/secteurs-dactivites\/\" rel=\"tag\">Secteurs d\u2019activit\u00e9s<\/a><\/p>\r\n                        \t                        \t\t<h4 class=\"p-title\"><a href=\"https:\/\/www.cabinetlead.com\/index.php\/rt-portfolios\/institutions-financieres\/\">Institutions financi\u00e8res<\/a><\/h4>\r\n                        \t                        \t\r\n                        <\/div>\r\n                    <\/div>\r\n                <\/div>\r\n            <\/div>\r\n\t<\/div>\r\n\r\n\t<!-- Popup Content Information -->\r\n\t<div id=\"rs_port3_1\" class=\"rspopup_style1 mfp-with-anim mfp-hide\" >\r\n\t\t<div class=\"row\">\r\n\t\t\t<div class=\"col-md-5\">\r\n\t\t\t\t<div class=\"rsteam_img\">\r\n\t\t\t\t\t<img width=\"402\" height=\"395\" src=\"https:\/\/www.cabinetlead.com\/wp-content\/uploads\/2023\/01\/Secteur113-402x395.jpg\" class=\"attachment-finanix-portfolio-slider-style2 size-finanix-portfolio-slider-style2 wp-post-image\" alt=\"\" decoding=\"async\" loading=\"lazy\" \/>\t\r\n\t\t  \t\t<\/div>\r\n\t\t\t<\/div>\r\n\t\t\t<div class=\"col-md-7\">\r\n\t\t\t\t<div class=\"rsteam_content\">\r\n\t\t\t\t\t<h3 class=\"title\" >Institutions financi\u00e8res<\/h3>\r\n\t\t\t\t\t<div class=\"team-des\" >\r\n\t\t\t\t\t\t&lt;p&gt;\u25aa Banques&lt;br \/&gt;\u25aa Etablissements financiers&lt;br \/&gt;\u25aa Institutions de microfinance&lt;br \/&gt;\u25aa Compagnies financi\u00e8res&lt;br \/&gt;\u25aa Fonds de garantie&lt;br \/&gt;\u25aa Institutions de cr\u00e9dit-bail&lt;br \/&gt;\u25aa Caisse de refinancement hypoth\u00e9caire&lt;br \/&gt;\u25aa Etablissements de monnaie \u00e9lectronique&lt;\/p&gt;\t\t\n\t\t\t&lt;style&gt;\/*! elementor - v3.9.2 - 21-12-2022 *\/\n.elementor-widget-image{text-align:center}.elementor-widget-image a{display:inline-block}.elementor-widget-image a img[src$=&quot;.svg&quot;]{width:48px}.elementor-widget-image img{vertical-align:middle;display:inline-block}&lt;\/style&gt;\t\t\t\t\t\t\t\t\t\t\t\t&lt;img width=&quot;600&quot; height=&quot;395&quot; src=&quot;https:\/\/cabinetlead.com\/wp-content\/uploads\/2023\/01\/Secteur113.jpg&quot; alt=&quot;&quot; loading=&quot;lazy&quot; srcset=&quot;https:\/\/cabinetlead.com\/wp-content\/uploads\/2023\/01\/Secteur113.jpg 600w, https:\/\/cabinetlead.com\/wp-content\/uploads\/2023\/01\/Secteur113-300x198.jpg 300w&quot; sizes=&quot;(max-width: 600px) 100vw, 600px&quot; \/&gt;\t\t\t\t\t<\/div>\r\n\r\n\t\t\t\t\t<ul class=\"project-info\" >\r\n\t\t\t\t\t\t\r\n\t\t\t\t\t\t\t\t\t\t\t\t\r\n\t\t\t\t\t\t\t\t\t\t\t\t\r\n\t\t\t\t\t\t\t\t\t\t\t\t\r\n\t\t\t\t\t\t\t\t\t\t\t\t\r\n\t\t\t\t\t\t\t\t\t\t\t<\/ul>\r\n\r\n\t\t\t\t<\/div>\r\n\t\t\t<\/div>\r\n\t\t<\/div>\r\n\t<\/div>\r\n\r\n\t\t\r\n\r\n\t<div class=\"col-lg-4 col-md-6 col-xs-1 grid-item filter_secteurs-dactivites \">\r\n\t\t<div class=\"portfolio-item content-overlay\">\r\n\t\t\t\t                    <div class=\"portfolio-img\">\r\n                    \t<a href=\"https:\/\/www.cabinetlead.com\/index.php\/rt-portfolios\/assurances\/\"><img width=\"402\" height=\"395\" src=\"https:\/\/www.cabinetlead.com\/wp-content\/uploads\/2023\/01\/Secteur12-402x395.jpg\" class=\"attachment-finanix-portfolio-slider-style2 size-finanix-portfolio-slider-style2 wp-post-image\" alt=\"\" decoding=\"async\" loading=\"lazy\" \/><\/a>\r\n                    \t<a class=\"pf-btn2\" href=\"https:\/\/www.cabinetlead.com\/index.php\/rt-portfolios\/assurances\/\">Case Studies<\/a>\r\n                    <\/div>\r\n                                <div class=\"portfolio-content\">\r\n                    <div class=\"vertical-middle\">\r\n                        <div class=\"vertical-middle-cell\">\r\n                        \t<p class=\"p-category\"> <a href=\"https:\/\/www.cabinetlead.com\/index.php\/rt-portfolio-category\/secteurs-dactivites\/\" rel=\"tag\">Secteurs d\u2019activit\u00e9s<\/a><\/p>\r\n                        \t                        \t\t<h4 class=\"p-title\"><a href=\"https:\/\/www.cabinetlead.com\/index.php\/rt-portfolios\/assurances\/\">Assurances<\/a><\/h4>\r\n                        \t                        \t\r\n                        <\/div>\r\n                    <\/div>\r\n                <\/div>\r\n            <\/div>\r\n\t<\/div>\r\n\r\n\t<!-- Popup Content Information -->\r\n\t<div id=\"rs_port3_2\" class=\"rspopup_style1 mfp-with-anim mfp-hide\" >\r\n\t\t<div class=\"row\">\r\n\t\t\t<div class=\"col-md-5\">\r\n\t\t\t\t<div class=\"rsteam_img\">\r\n\t\t\t\t\t<img width=\"402\" height=\"395\" src=\"https:\/\/www.cabinetlead.com\/wp-content\/uploads\/2023\/01\/Secteur12-402x395.jpg\" class=\"attachment-finanix-portfolio-slider-style2 size-finanix-portfolio-slider-style2 wp-post-image\" alt=\"\" decoding=\"async\" loading=\"lazy\" \/>\t\r\n\t\t  \t\t<\/div>\r\n\t\t\t<\/div>\r\n\t\t\t<div class=\"col-md-7\">\r\n\t\t\t\t<div class=\"rsteam_content\">\r\n\t\t\t\t\t<h3 class=\"title\" >Assurances<\/h3>\r\n\t\t\t\t\t<div class=\"team-des\" >\r\n\t\t\t\t\t\t&lt;p&gt;Nous aidons les assureurs \u00e0 faire face aux enjeux r\u00e9glementaires, technologiques et transformationnels. Lead Consulting accompagne les acteurs du secteur de l\u2019assurance pour r\u00e9pondre aux exigences r\u00e9glementaires et r\u00e9aliser leurs projets de croissance externe et transformer leurs organisations.&lt;\/p&gt;\t\t\n\t\t\t&lt;style&gt;\/*! elementor - v3.9.2 - 21-12-2022 *\/\n.elementor-widget-image{text-align:center}.elementor-widget-image a{display:inline-block}.elementor-widget-image a img[src$=&quot;.svg&quot;]{width:48px}.elementor-widget-image img{vertical-align:middle;display:inline-block}&lt;\/style&gt;\t\t\t\t\t\t\t\t\t\t\t\t&lt;img width=&quot;600&quot; height=&quot;395&quot; src=&quot;https:\/\/cabinetlead.com\/wp-content\/uploads\/2023\/01\/Secteur12.jpg&quot; alt=&quot;&quot; loading=&quot;lazy&quot; srcset=&quot;https:\/\/cabinetlead.com\/wp-content\/uploads\/2023\/01\/Secteur12.jpg 600w, https:\/\/cabinetlead.com\/wp-content\/uploads\/2023\/01\/Secteur12-300x198.jpg 300w&quot; sizes=&quot;(max-width: 600px) 100vw, 600px&quot; \/&gt;\t\t\t\t\t<\/div>\r\n\r\n\t\t\t\t\t<ul class=\"project-info\" >\r\n\t\t\t\t\t\t\r\n\t\t\t\t\t\t\t\t\t\t\t\t\r\n\t\t\t\t\t\t\t\t\t\t\t\t\r\n\t\t\t\t\t\t\t\t\t\t\t\t\r\n\t\t\t\t\t\t\t\t\t\t\t\t\r\n\t\t\t\t\t\t\t\t\t\t\t<\/ul>\r\n\r\n\t\t\t\t<\/div>\r\n\t\t\t<\/div>\r\n\t\t<\/div>\r\n\t<\/div>\r\n\r\n\t\t\r\n\r\n\t<div class=\"col-lg-4 col-md-6 col-xs-1 grid-item filter_secteurs-dactivites \">\r\n\t\t<div class=\"portfolio-item content-overlay\">\r\n\t\t\t\t                    <div class=\"portfolio-img\">\r\n                    \t<a href=\"https:\/\/www.cabinetlead.com\/index.php\/rt-portfolios\/immobilier\/\"><img width=\"402\" height=\"395\" src=\"https:\/\/www.cabinetlead.com\/wp-content\/uploads\/2023\/01\/Secteur11-402x395.jpg\" class=\"attachment-finanix-portfolio-slider-style2 size-finanix-portfolio-slider-style2 wp-post-image\" alt=\"\" decoding=\"async\" loading=\"lazy\" \/><\/a>\r\n                    \t<a class=\"pf-btn2\" href=\"https:\/\/www.cabinetlead.com\/index.php\/rt-portfolios\/immobilier\/\">Case Studies<\/a>\r\n                    <\/div>\r\n                                <div class=\"portfolio-content\">\r\n                    <div class=\"vertical-middle\">\r\n                        <div class=\"vertical-middle-cell\">\r\n                        \t<p class=\"p-category\"> <a href=\"https:\/\/www.cabinetlead.com\/index.php\/rt-portfolio-category\/secteurs-dactivites\/\" rel=\"tag\">Secteurs d\u2019activit\u00e9s<\/a><\/p>\r\n                        \t                        \t\t<h4 class=\"p-title\"><a href=\"https:\/\/www.cabinetlead.com\/index.php\/rt-portfolios\/immobilier\/\">Immobilier<\/a><\/h4>\r\n                        \t                        \t\r\n                        <\/div>\r\n                    <\/div>\r\n                <\/div>\r\n            <\/div>\r\n\t<\/div>\r\n\r\n\t<!-- Popup Content Information -->\r\n\t<div id=\"rs_port3_3\" class=\"rspopup_style1 mfp-with-anim mfp-hide\" >\r\n\t\t<div class=\"row\">\r\n\t\t\t<div class=\"col-md-5\">\r\n\t\t\t\t<div class=\"rsteam_img\">\r\n\t\t\t\t\t<img width=\"402\" height=\"395\" src=\"https:\/\/www.cabinetlead.com\/wp-content\/uploads\/2023\/01\/Secteur11-402x395.jpg\" class=\"attachment-finanix-portfolio-slider-style2 size-finanix-portfolio-slider-style2 wp-post-image\" alt=\"\" decoding=\"async\" loading=\"lazy\" \/>\t\r\n\t\t  \t\t<\/div>\r\n\t\t\t<\/div>\r\n\t\t\t<div class=\"col-md-7\">\r\n\t\t\t\t<div class=\"rsteam_content\">\r\n\t\t\t\t\t<h3 class=\"title\" >Immobilier<\/h3>\r\n\t\t\t\t\t<div class=\"team-des\" >\r\n\t\t\t\t\t\t&lt;p&gt;Nos \u00e9quipes d\u00e9di\u00e9es \u00e0 l\u2019immobilier ont une parfaite compr\u00e9hension des enjeux concurrentiels et r\u00e9glementaires afin de relever les d\u00e9fis complexes et exigeants de cette industrie.&lt;br \/&gt;Lead Consulting vous accompagne gr\u00e2ce \u00e0 une offre de services adapt\u00e9e \u00e0 vos besoins sp\u00e9cifiques, et sur l&#039;ensemble de la cha\u00eene de valeur de la gestion des actifs immobiliers.&lt;\/p&gt;\t\t\n\t\t\t&lt;style&gt;\/*! elementor - v3.9.2 - 21-12-2022 *\/\n.elementor-widget-image{text-align:center}.elementor-widget-image a{display:inline-block}.elementor-widget-image a img[src$=&quot;.svg&quot;]{width:48px}.elementor-widget-image img{vertical-align:middle;display:inline-block}&lt;\/style&gt;\t\t\t\t\t\t\t\t\t\t\t\t&lt;img width=&quot;600&quot; height=&quot;395&quot; src=&quot;https:\/\/cabinetlead.com\/wp-content\/uploads\/2023\/01\/Secteur11.jpg&quot; alt=&quot;&quot; loading=&quot;lazy&quot; srcset=&quot;https:\/\/cabinetlead.com\/wp-content\/uploads\/2023\/01\/Secteur11.jpg 600w, https:\/\/cabinetlead.com\/wp-content\/uploads\/2023\/01\/Secteur11-300x198.jpg 300w&quot; sizes=&quot;(max-width: 600px) 100vw, 600px&quot; \/&gt;\t\t\t\t\t<\/div>\r\n\r\n\t\t\t\t\t<ul class=\"project-info\" >\r\n\t\t\t\t\t\t\r\n\t\t\t\t\t\t\t\t\t\t\t\t\r\n\t\t\t\t\t\t\t\t\t\t\t\t\r\n\t\t\t\t\t\t\t\t\t\t\t\t\r\n\t\t\t\t\t\t\t\t\t\t\t\t\r\n\t\t\t\t\t\t\t\t\t\t\t<\/ul>\r\n\r\n\t\t\t\t<\/div>\r\n\t\t\t<\/div>\r\n\t\t<\/div>\r\n\t<\/div>\r\n\r\n\t\t\r\n\r\n\t<div class=\"col-lg-4 col-md-6 col-xs-1 grid-item filter_secteurs-dactivites \">\r\n\t\t<div class=\"portfolio-item content-overlay\">\r\n\t\t\t\t                    <div class=\"portfolio-img\">\r\n                    \t<a href=\"https:\/\/www.cabinetlead.com\/index.php\/rt-portfolios\/energies-et-ressources\/\"><img width=\"402\" height=\"395\" src=\"https:\/\/www.cabinetlead.com\/wp-content\/uploads\/2023\/01\/Secteur10-402x395.jpg\" class=\"attachment-finanix-portfolio-slider-style2 size-finanix-portfolio-slider-style2 wp-post-image\" alt=\"\" decoding=\"async\" loading=\"lazy\" \/><\/a>\r\n                    \t<a class=\"pf-btn2\" href=\"https:\/\/www.cabinetlead.com\/index.php\/rt-portfolios\/energies-et-ressources\/\">Case Studies<\/a>\r\n                    <\/div>\r\n                                <div class=\"portfolio-content\">\r\n                    <div class=\"vertical-middle\">\r\n                        <div class=\"vertical-middle-cell\">\r\n                        \t<p class=\"p-category\"> <a href=\"https:\/\/www.cabinetlead.com\/index.php\/rt-portfolio-category\/secteurs-dactivites\/\" rel=\"tag\">Secteurs d\u2019activit\u00e9s<\/a><\/p>\r\n                        \t                        \t\t<h4 class=\"p-title\"><a href=\"https:\/\/www.cabinetlead.com\/index.php\/rt-portfolios\/energies-et-ressources\/\">Energies et ressources<\/a><\/h4>\r\n                        \t                        \t\r\n                        <\/div>\r\n                    <\/div>\r\n                <\/div>\r\n            <\/div>\r\n\t<\/div>\r\n\r\n\t<!-- Popup Content Information -->\r\n\t<div id=\"rs_port3_4\" class=\"rspopup_style1 mfp-with-anim mfp-hide\" >\r\n\t\t<div class=\"row\">\r\n\t\t\t<div class=\"col-md-5\">\r\n\t\t\t\t<div class=\"rsteam_img\">\r\n\t\t\t\t\t<img width=\"402\" height=\"395\" src=\"https:\/\/www.cabinetlead.com\/wp-content\/uploads\/2023\/01\/Secteur10-402x395.jpg\" class=\"attachment-finanix-portfolio-slider-style2 size-finanix-portfolio-slider-style2 wp-post-image\" alt=\"\" decoding=\"async\" loading=\"lazy\" \/>\t\r\n\t\t  \t\t<\/div>\r\n\t\t\t<\/div>\r\n\t\t\t<div class=\"col-md-7\">\r\n\t\t\t\t<div class=\"rsteam_content\">\r\n\t\t\t\t\t<h3 class=\"title\" >Energies et ressources<\/h3>\r\n\t\t\t\t\t<div class=\"team-des\" >\r\n\t\t\t\t\t\t&lt;p&gt;Nos professionnels vous aident \u00e0 restructurer votre entreprise en se concentrant sur les services, les technologies et les capacit\u00e9s n\u00e9cessaires pour atteindre vos objectifs.&lt;\/p&gt;\t\t\n\t\t\t&lt;style&gt;\/*! elementor - v3.9.2 - 21-12-2022 *\/\n.elementor-widget-image{text-align:center}.elementor-widget-image a{display:inline-block}.elementor-widget-image a img[src$=&quot;.svg&quot;]{width:48px}.elementor-widget-image img{vertical-align:middle;display:inline-block}&lt;\/style&gt;\t\t\t\t\t\t\t\t\t\t\t\t&lt;img width=&quot;600&quot; height=&quot;395&quot; src=&quot;https:\/\/cabinetlead.com\/wp-content\/uploads\/2023\/01\/Secteur10.jpg&quot; alt=&quot;&quot; loading=&quot;lazy&quot; srcset=&quot;https:\/\/cabinetlead.com\/wp-content\/uploads\/2023\/01\/Secteur10.jpg 600w, https:\/\/cabinetlead.com\/wp-content\/uploads\/2023\/01\/Secteur10-300x198.jpg 300w&quot; sizes=&quot;(max-width: 600px) 100vw, 600px&quot; \/&gt;\t\t\t\t\t<\/div>\r\n\r\n\t\t\t\t\t<ul class=\"project-info\" >\r\n\t\t\t\t\t\t\r\n\t\t\t\t\t\t\t\t\t\t\t\t\r\n\t\t\t\t\t\t\t\t\t\t\t\t\r\n\t\t\t\t\t\t\t\t\t\t\t\t\r\n\t\t\t\t\t\t\t\t\t\t\t\t\r\n\t\t\t\t\t\t\t\t\t\t\t<\/ul>\r\n\r\n\t\t\t\t<\/div>\r\n\t\t\t<\/div>\r\n\t\t<\/div>\r\n\t<\/div>\r\n\r\n\t\t\r\n\r\n\t<div class=\"col-lg-4 col-md-6 col-xs-1 grid-item filter_secteurs-dactivites \">\r\n\t\t<div class=\"portfolio-item content-overlay\">\r\n\t\t\t\t                    <div class=\"portfolio-img\">\r\n                    \t<a href=\"https:\/\/www.cabinetlead.com\/index.php\/rt-portfolios\/oil-and-gas\/\"><img width=\"402\" height=\"395\" src=\"https:\/\/www.cabinetlead.com\/wp-content\/uploads\/2023\/01\/Secteur9-402x395.jpg\" class=\"attachment-finanix-portfolio-slider-style2 size-finanix-portfolio-slider-style2 wp-post-image\" alt=\"\" decoding=\"async\" loading=\"lazy\" \/><\/a>\r\n                    \t<a class=\"pf-btn2\" href=\"https:\/\/www.cabinetlead.com\/index.php\/rt-portfolios\/oil-and-gas\/\">Case Studies<\/a>\r\n                    <\/div>\r\n                                <div class=\"portfolio-content\">\r\n                    <div class=\"vertical-middle\">\r\n                        <div class=\"vertical-middle-cell\">\r\n                        \t<p class=\"p-category\"> <a href=\"https:\/\/www.cabinetlead.com\/index.php\/rt-portfolio-category\/secteurs-dactivites\/\" rel=\"tag\">Secteurs d\u2019activit\u00e9s<\/a><\/p>\r\n                        \t                        \t\t<h4 class=\"p-title\"><a href=\"https:\/\/www.cabinetlead.com\/index.php\/rt-portfolios\/oil-and-gas\/\">Oil and Gas<\/a><\/h4>\r\n                        \t                        \t\r\n                        <\/div>\r\n                    <\/div>\r\n                <\/div>\r\n            <\/div>\r\n\t<\/div>\r\n\r\n\t<!-- Popup Content Information -->\r\n\t<div id=\"rs_port3_5\" class=\"rspopup_style1 mfp-with-anim mfp-hide\" >\r\n\t\t<div class=\"row\">\r\n\t\t\t<div class=\"col-md-5\">\r\n\t\t\t\t<div class=\"rsteam_img\">\r\n\t\t\t\t\t<img width=\"402\" height=\"395\" src=\"https:\/\/www.cabinetlead.com\/wp-content\/uploads\/2023\/01\/Secteur9-402x395.jpg\" class=\"attachment-finanix-portfolio-slider-style2 size-finanix-portfolio-slider-style2 wp-post-image\" alt=\"\" decoding=\"async\" loading=\"lazy\" \/>\t\r\n\t\t  \t\t<\/div>\r\n\t\t\t<\/div>\r\n\t\t\t<div class=\"col-md-7\">\r\n\t\t\t\t<div class=\"rsteam_content\">\r\n\t\t\t\t\t<h3 class=\"title\" >Oil and Gas<\/h3>\r\n\t\t\t\t\t<div class=\"team-des\" >\r\n\t\t\t\t\t\t&lt;p&gt;Nos sp\u00e9cialistes ont la comp\u00e9tence et l\u2019exp\u00e9rience pour vous accompagner. La connaissance des contrats et des probl\u00e9matiques sp\u00e9cifiques nous permet de vous suivre en audit ou conseil, dans le cadre du d\u00e9veloppement potentiel de votre activit\u00e9 (prospection, d\u00e9veloppement, financement, acquisition de cibles).&lt;\/p&gt;\t\t\n\t\t\t&lt;style&gt;\/*! elementor - v3.9.2 - 21-12-2022 *\/\n.elementor-widget-image{text-align:center}.elementor-widget-image a{display:inline-block}.elementor-widget-image a img[src$=&quot;.svg&quot;]{width:48px}.elementor-widget-image img{vertical-align:middle;display:inline-block}&lt;\/style&gt;\t\t\t\t\t\t\t\t\t\t\t\t&lt;img width=&quot;600&quot; height=&quot;395&quot; src=&quot;https:\/\/cabinetlead.com\/wp-content\/uploads\/2023\/01\/Secteur9.jpg&quot; alt=&quot;&quot; loading=&quot;lazy&quot; srcset=&quot;https:\/\/cabinetlead.com\/wp-content\/uploads\/2023\/01\/Secteur9.jpg 600w, https:\/\/cabinetlead.com\/wp-content\/uploads\/2023\/01\/Secteur9-300x198.jpg 300w&quot; sizes=&quot;(max-width: 600px) 100vw, 600px&quot; \/&gt;\t\t\t\t\t<\/div>\r\n\r\n\t\t\t\t\t<ul class=\"project-info\" >\r\n\t\t\t\t\t\t\r\n\t\t\t\t\t\t\t\t\t\t\t\t\r\n\t\t\t\t\t\t\t\t\t\t\t\t\r\n\t\t\t\t\t\t\t\t\t\t\t\t\r\n\t\t\t\t\t\t\t\t\t\t\t\t\r\n\t\t\t\t\t\t\t\t\t\t\t<\/ul>\r\n\r\n\t\t\t\t<\/div>\r\n\t\t\t<\/div>\r\n\t\t<\/div>\r\n\t<\/div>\r\n\r\n\t\t\r\n\r\n\t<div class=\"col-lg-4 col-md-6 col-xs-1 grid-item filter_secteurs-dactivites \">\r\n\t\t<div class=\"portfolio-item content-overlay\">\r\n\t\t\t\t                    <div class=\"portfolio-img\">\r\n                    \t<a href=\"https:\/\/www.cabinetlead.com\/index.php\/rt-portfolios\/technologie\/\"><img width=\"402\" height=\"395\" src=\"https:\/\/www.cabinetlead.com\/wp-content\/uploads\/2023\/01\/Secteur8-402x395.jpg\" class=\"attachment-finanix-portfolio-slider-style2 size-finanix-portfolio-slider-style2 wp-post-image\" alt=\"\" decoding=\"async\" loading=\"lazy\" \/><\/a>\r\n                    \t<a class=\"pf-btn2\" href=\"https:\/\/www.cabinetlead.com\/index.php\/rt-portfolios\/technologie\/\">Case Studies<\/a>\r\n                    <\/div>\r\n                                <div class=\"portfolio-content\">\r\n                    <div class=\"vertical-middle\">\r\n                        <div class=\"vertical-middle-cell\">\r\n                        \t<p class=\"p-category\"> <a href=\"https:\/\/www.cabinetlead.com\/index.php\/rt-portfolio-category\/secteurs-dactivites\/\" rel=\"tag\">Secteurs d\u2019activit\u00e9s<\/a><\/p>\r\n                        \t                        \t\t<h4 class=\"p-title\"><a href=\"https:\/\/www.cabinetlead.com\/index.php\/rt-portfolios\/technologie\/\">Technologie<\/a><\/h4>\r\n                        \t                        \t\r\n                        <\/div>\r\n                    <\/div>\r\n                <\/div>\r\n            <\/div>\r\n\t<\/div>\r\n\r\n\t<!-- Popup Content Information -->\r\n\t<div id=\"rs_port3_6\" class=\"rspopup_style1 mfp-with-anim mfp-hide\" >\r\n\t\t<div class=\"row\">\r\n\t\t\t<div class=\"col-md-5\">\r\n\t\t\t\t<div class=\"rsteam_img\">\r\n\t\t\t\t\t<img width=\"402\" height=\"395\" src=\"https:\/\/www.cabinetlead.com\/wp-content\/uploads\/2023\/01\/Secteur8-402x395.jpg\" class=\"attachment-finanix-portfolio-slider-style2 size-finanix-portfolio-slider-style2 wp-post-image\" alt=\"\" decoding=\"async\" loading=\"lazy\" \/>\t\r\n\t\t  \t\t<\/div>\r\n\t\t\t<\/div>\r\n\t\t\t<div class=\"col-md-7\">\r\n\t\t\t\t<div class=\"rsteam_content\">\r\n\t\t\t\t\t<h3 class=\"title\" >Technologie<\/h3>\r\n\t\t\t\t\t<div class=\"team-des\" >\r\n\t\t\t\t\t\tNos experts ont d\u00e9velopp\u00e9 les comp\u00e9tences qui leur permettent de r\u00e9pondre aux probl\u00e9matiques de votre secteur. Au del\u00e0 des missions de conseil et d\u2019audit, ils vous accompagnent sur les enjeux propres \u00e0 vos besoins.\r\n\r\n&lt;style&gt;\/*! elementor - v3.9.2 - 21-12-2022 *\/&lt;br \/&gt;\r\n.elementor-widget-image{text-align:center}.elementor-widget-image a{display:inline-block}.elementor-widget-image a img[src$=&quot;.svg&quot;]{width:48px}.elementor-widget-image img{vertical-align:middle;display:inline-block}&lt;\/style&gt;\r\n\r\n&lt;img src=&quot;https:\/\/cabinetlead.com\/wp-content\/uploads\/2023\/01\/Secteur8.jpg&quot; sizes=&quot;(max-width: 600px) 100vw, 600px&quot; srcset=&quot;https:\/\/cabinetlead.com\/wp-content\/uploads\/2023\/01\/Secteur8.jpg 600w, https:\/\/cabinetlead.com\/wp-content\/uploads\/2023\/01\/Secteur8-300x198.jpg 300w&quot; alt=&quot;&quot; width=&quot;600&quot; height=&quot;395&quot; \/&gt;\t\t\t\t\t<\/div>\r\n\r\n\t\t\t\t\t<ul class=\"project-info\" >\r\n\t\t\t\t\t\t\r\n\t\t\t\t\t\t\t\t\t\t\t\t\r\n\t\t\t\t\t\t\t\t\t\t\t\t\r\n\t\t\t\t\t\t\t\t\t\t\t\t\r\n\t\t\t\t\t\t\t\t\t\t\t\t\r\n\t\t\t\t\t\t\t\t\t\t\t<\/ul>\r\n\r\n\t\t\t\t<\/div>\r\n\t\t\t<\/div>\r\n\t\t<\/div>\r\n\t<\/div>\r\n\r\n\t\t\t\t\t<\/div>\r\n\t\t\t<\/div>\r\n\t\t<\/div>\r\n\t\r\n\t\t\t<\/div>\n\t\t\t\t<\/div>\n\t\t\t\t\t<\/div>\n\t\t<\/div>\n\t\t\t\t\t\t\t<\/div>\n\t\t<\/section>\n\t\t\t\t\t\t\t<\/div>\n\t\t","protected":false},"excerpt":{"rendered":"<p>Case Studies Business Best Effective Incentives for Employees Best Effective Incentives for Employees &lt;img width=&quot;1290&quot; height=&quot;650&quot; src=&quot;https:\/\/cabinetlead.com\/wp-content\/uploads\/2022\/02\/9.jpg&quot; alt=&quot;&quot; loading=&quot;lazy&quot; srcset=&quot;https:\/\/cabinetlead.com\/wp-content\/uploads\/2022\/02\/9.jpg 1290w, https:\/\/reactheme.com\/products\/wordpress\/finanix\/wp-content\/uploads\/2022\/02\/9-300&#215;151.jpg 300w, https:\/\/reactheme.com\/products\/wordpress\/finanix\/wp-content\/uploads\/2022\/02\/9-1024&#215;516.jpg 1024w, https:\/\/reactheme.com\/products\/wordpress\/finanix\/wp-content\/uploads\/2022\/02\/9-768&#215;387.jpg 768w&quot; sizes=&quot;(max-width: 1290px) 100vw, 1290px&quot; \/&gt; &lt;h3&gt;Future is brighter when you\u2019re more prepared&lt;\/h3&gt;&lt;p&gt;We are increases exponentially. Today banks and other financial organizations face the need of providing the best&#8230;<\/p>\n","protected":false},"author":1,"featured_media":0,"parent":0,"menu_order":0,"comment_status":"closed","ping_status":"closed","template":"","meta":[],"_links":{"self":[{"href":"https:\/\/www.cabinetlead.com\/index.php\/wp-json\/wp\/v2\/pages\/4027"}],"collection":[{"href":"https:\/\/www.cabinetlead.com\/index.php\/wp-json\/wp\/v2\/pages"}],"about":[{"href":"https:\/\/www.cabinetlead.com\/index.php\/wp-json\/wp\/v2\/types\/page"}],"author":[{"embeddable":true,"href":"https:\/\/www.cabinetlead.com\/index.php\/wp-json\/wp\/v2\/users\/1"}],"replies":[{"embeddable":true,"href":"https:\/\/www.cabinetlead.com\/index.php\/wp-json\/wp\/v2\/comments?post=4027"}],"version-history":[{"count":1,"href":"https:\/\/www.cabinetlead.com\/index.php\/wp-json\/wp\/v2\/pages\/4027\/revisions"}],"predecessor-version":[{"id":5252,"href":"https:\/\/www.cabinetlead.com\/index.php\/wp-json\/wp\/v2\/pages\/4027\/revisions\/5252"}],"wp:attachment":[{"href":"https:\/\/www.cabinetlead.com\/index.php\/wp-json\/wp\/v2\/media?parent=4027"}],"curies":[{"name":"wp","href":"https:\/\/api.w.org\/{rel}","templated":true}]}}